 of 1529978871?
3, 509992957
List the prime factors of 139278242.
2, 29, 461, 5209
List the prime factors of 223143947.
13, 853, 20123
List the prime factors of 19801336.
2, 257, 9631
What are the prime factors of 24337545?
3, 5, 409, 3967
What are the prime factors of 350939?
163, 2153
List the prime factors of 2334729807.
3, 281, 923183
List the prime factors of 125214774.
2, 3, 20869129
List the prime factors of 505959969.
3, 168653323
What are the prime factors of 7491289040?
2, 5, 93641113
List the prime factors of 1364097498.
2, 3, 131, 863, 2011
What are the prime factors of 93486617?
7, 13355231
What are the prime factors of 648426686?
2, 324213343
What are the prime factors of 1389828058?
2, 1277, 544177
List the prime factors of 1530445753.
947, 1616099
List the prime factors of 1456984480.
2, 5, 7, 43, 30253
What are the prime factors of 1634381202?
2, 3, 272396867
What are the prime factors of 2214897339?
3, 227, 3252419
What are the prime factors of 47166778?
2, 19, 1051, 1181
What are the prime factors of 599744842?
2, 19, 15782759
What are the prime factors of 303214166?
2, 53, 79, 36209
What are the prime factors of 556071816?
2, 3, 37, 626207
List the prime factors of 20159971.
13, 383, 4049
What are the prime factors of 2240885?
5, 448177
What are the prime factors of 48523587?
3, 7, 19, 31, 3923
List the prime factors of 288747466.
2, 7, 97, 212627
List the prime factors of 55723030.
2, 5, 11, 506573
What are the prime factors of 3460682958?
2, 3, 10133, 56921
List the prime factors of 34717979.
751, 46229
What are the prime factors of 18504934?
2, 7, 47, 28123
List the prime factors of 210330984.
2, 3, 41, 213751
What are the prime factors of 607299492?
2, 3, 43, 1176937
List the prime factors of 79772435.
5, 15954487
List the prime factors of 354034502.
2, 177017251
What are the prime factors of 2212841672?
2, 276605209
What are the prime factors of 344370697?
11, 23, 1361149
What are the prime factors of 392365287?
3, 17, 163, 15733
What are the prime factors of 361447368?
2, 3, 71, 212117
List the prime factors of 464352153.
3, 19, 8146529
List the prime factors of 1298931304.
2, 11, 14760583
List the prime factors of 82239409.
7, 11748487
List the prime factors of 7681784637.
3, 37, 5101, 13567
List the prime factors of 53323133.
53323133
List the prime factors of 33160382.
2, 16580191
List the prime factors of 53048819.
53048819
List the prime factors of 692195222.
2, 17, 20358683
What are the prime factors of 332921209?
431, 772439
What are the prime factors of 134960714?
2, 7, 9640051
What are the prime factors of 986606257?
7, 13, 10841827
List the prime factors of 106541489.
1889, 56401
List the prime factors of 65120600.
2, 5, 19, 17137
List the prime factors of 42977127.
3, 641, 22349
What are the prime factors of 451485672?
2, 3, 11, 193, 8861
List the prime factors of 7502568364.
2, 61, 1933, 15907
What are the prime factors of 99603975?
3, 5, 269, 4937
List the prime factors of 3455496696.
2, 3, 143979029
What are the prime factors of 1198731070?
2, 5, 119873107
What are the prime factors of 707922741?
3, 29, 8137043
List the prime factors of 1127565862.
2, 12109, 46559
What are the prime factors of 557972362?
2, 41, 1913, 3557
What are the prime factors of 1507917225?
3, 5, 2927, 6869
What are the prime factors of 1254778?
2, 7, 89627
What are the prime factors of 624300023?
29, 89, 241883
What are the prime factors of 219559902?
2, 3, 36593317
What are the prime factors of 579006930?
2, 3, 5, 19300231
List the prime factors of 69203981.
7, 11, 898753
List the prime factors of 763540791.
3, 13, 19577969
What are the prime factors of 835031616?
2, 3, 1231, 3533
List the prime factors of 521852562.
2, 3, 7, 11, 47, 8011
What are the prime factors of 115008344?
2, 11, 1306913
List the prime factors of 181697034.
2, 3, 5273, 5743
List the prime factors of 328097399.
7, 17, 2757121
List the prime factors of 281291943.
3, 93763981
What are the prime factors of 1676688668?
2, 19, 59, 67, 5581
What are the prime factors of 3945413803?
31, 101, 1260113
What are the prime factors of 115141128?
2, 3, 23, 208589
List the prime factors of 371389588.
2, 3709, 25033
List the prime factors of 61421985.
3, 5, 739, 1847
List the prime factors of 174456111.
3, 479, 121403
List the prime factors of 145538915.
5, 113, 257591
List the prime factors of 1224864622.
2, 31, 1163, 16987
List the prime factors of 175490055.
3, 5, 13, 299983
What are the prime factors of 164453213?
2383, 69011
List the prime factors of 1556108658.
2, 3, 13, 61, 12113
List the prime factors of 134367234.
2, 3, 239, 93701
What are the prime factors of 67254026?
2, 7, 929, 5171
What are the prime factors of 146632641?
3, 59, 373, 2221
What are the prime factors of 264785745?
3, 5, 7, 2521769
What are the prime factors of 716858594?
2, 67, 5349691
What are the prime factors of 2656601041?
2656601041
What are the prime factors of 815029154?
2, 5441, 74897
List the prime factors of 419768100.
2, 3, 5, 466409
List the prime factors of 882439348.
2, 7, 1307, 24113
List the prime factors of 96477687.
3, 19, 564197
What are the prime factors of 2144406337?
103, 137, 151967
List the prime factors of 47006974.
2, 7, 31, 15473
What are the prime factors of 297371210?
2, 5, 59, 701, 719
What are the prime factors of 234232709?
79, 2964971
List the prime factors of 255303308.
2, 13, 4909679
What are the prime factors of 45940476?
2, 3, 23, 7237
What are the prime factors of 81768377?
167, 489631
List the prime factors of 583998783.
3, 109, 383, 4663
What are the prime factors of 770177609?
23, 31, 53, 89, 229
List the prime factors of 1800048322.
2, 900024161
List the prime factors of 126827619.
3, 101, 641, 653
List the prime factors of 97782755.
5, 7, 2793793
What are the prime factors of 77864637?
3, 23, 101, 11173
What are the prime factors of 31827065?
5, 29, 199, 1103
What are the prime factors of 5681847139?
53, 107204663
List the prime factors of 63578607.
3, 2797, 7577
List the prime factors of 101387085.
3, 5, 6759139
List the prime factors of 3624035821.
7, 7867, 65809
List the prime factors of 174554611.
7, 11, 61, 5309
What are the prime factors of 230373757?
230373757
What are the prime factors of 1234699677?
3, 137188853
What are the prime factors of 265355491?
265355491
What are the prime factors of 10105184?
2, 457, 691
What are the prime factors of 44167883?
97, 455339
List the prime factors of 177231560.
2, 5, 11, 23, 83, 211
What are the prime factors of 1848597897?
3, 616199299
List the prime factors of 83815443.
3, 9312827
List the prime factors of 3327563843.
3327563843
List the prime factors of 30936477.
3, 11, 13, 37, 1949
What are the prime factors of 154935461?
154935461
What are the prime factors of 4621049016?
2, 3, 1811, 106319
What are the prime factors of 21323383?
47, 631, 719
What are the prime factors of 62574931?
62574931
What are the prime factors of 3813379?
3813379
What are the prime factors of 81799540?
2, 5, 1031, 3967
List the prime factors of 5427522095.
5, 1085504419
What are the prime factors of 63173299?
7, 103, 12517
List the prime factors of 811335283.
11, 19, 3881987
What are the prime factors of 88321130?
2, 5, 83, 106411
List the prime factors of 315076561.
29, 2551, 4259
List the prime factors of 34621380.
2, 3, 5, 192341
What are the prime factors of 5322258111?
3, 3967, 447211
List the prime factors of 1889167992.
2, 3, 1193, 65981
What are the prime factors of 108012208?
2, 503, 13421
What are the prime factors of 2766423092?
2, 691605773
List the prime factors of 4361247368.
2, 545155921
List the prime factors of 580309539.
3, 101, 1915213
List the prime factors of 119729660.
2, 5, 5986483
What are the prime factors of 168802871?
1847, 91393
List the prime factors of 3478110281.
113, 5441, 5657
What are the prime factors of 1053518412?
2, 3, 87793201
List the prime factors of 4609046.
2, 13, 269, 659
List the prime factors of 2240968951.
13, 17, 31, 43, 7607
List the prime factors of 1378125.
3, 5, 7
What are the prime factors of 300139427?
7, 31, 73, 18947
What are the prime factors of 41088725?
5, 337, 4877
What are the prime factors of 54873931?
7, 827, 9479
List the prime factors of 1769879057.
1769879057